 Suppose 3*v - 33 = -3*w, -v - w = z*v - 25. Is v composite?
False
Let j(v) = 7*v**3 - 4*v**2 + 2*v + 1. Let i be j(3). Let p = -109 + i. Is p prime?
False
Suppose 0 = -7*j + 3*j. Let p(i) = i**2 - 2*i + 65. Let u(r) = -2*r**2 + 3*r - 130. Let c(k) = -5*p(k) - 3*u(k). Is c(j) a prime number?
False
Is 1/((2/(-1))/6) - -62 composite?
False
Is 3 - 11*-2 - -1 a composite number?
True
Suppose -2*f + 0*f = 5*x - 590, 0 = -3*f. Is x prime?
False
Suppose 6*r = 1665 - 399. Is r a prime number?
True
Suppose 7*b = -2*b + 20133. Is b a composite number?
False
Let j(h) = -93*h - 1. Let t be j(2). Is (-2)/(1 + t/185) a prime number?
False
Suppose -3*q + 4*f - 16253 = 0, 4*f + 8442 + 13210 = -4*q. Suppose 3*z + 16 = -z. Is z/(-14) + q/(-35) a prime number?
False
Let l(b) = -14*b**3 - 2*b**2 - 2*b - 1. Is l(-1) prime?
True
Suppose -3*d = -4*g - 1129, -748 = -5*d + 3*d + 5*g. Is d a composite number?
False
Let i be 154 + 3 - 0/(-3). Is i*(-3)/(-12)*4 prime?
True
Suppose -4*s + 3*z = 26, 2*s - 2*z - 3*z = -20. Let j = s - -10. Suppose h - 17 = -4*c + 14, -j*h - 34 = -c. Is c a prime number?
False
Suppose -4*d = 1 + 3. Let c be 284/8 + d/2. Suppose 2*o - c = 103. Is o a prime number?
False
Let i(l) = -29 - 2*l**2 + 22 - l**3 - 5*l - 4*l**2. Let q = 13 - 21. Is i(q) a prime number?
False
Suppose -2 = -4*t - 82. Let x be 4/t - 1/(-5). Let b = 25 + x. Is b prime?
False
Suppose 173 + 89 = 2*m. Is m a prime number?
True
Let v(q) = 2*q - 1. Let a be v(1). Let i be 6*(a + 1/(-3)). Suppose 0 = -i*d + 5*d - 6. Is d prime?
False
Suppose -k + 4*k = 1257. Is k a composite number?
False
Suppose -3*k + 1 = 5*a, 0*a + 2*a = 3*k + 13. Is (4 - (-11)/k)*1074 a prime number?
False
Let k = -4 - -2. Let x = k + 55. Is x composite?
False
Let f(n) = -2*n + 7. Let o be f(8). Let r(w) = -41*w + 7. Let k be r(o). Is (k/12)/(2/3) a composite number?
False
Suppose 0*n - 3815 = -5*n. Is n a composite number?
True
Is (3 - 0)/((-2)/(-22)) composite?
True
Let l be -2 - (-2 + -2 + -6). Let r = 5 - 3. Is (-22)/4*(r - l) a prime number?
False
Let q(p) be the second derivative of -p**5/20 - p**4/12 + p**3/6 + 5*p**2/2 + 3*p. Let o be q(0). Suppose -8 = -o*u + 87. Is u prime?
True
Let q(w) = w**2 - w - 1. Let i(j) = -3*j**2 + 5*j + 1. Let s(y) = i(y) + 4*q(y). Is s(7) a composite number?
False
Let w(r) = -549*r + 2. Is w(-3) composite?
True
Suppose 2*p - 767 - 22 = -5*y, -3*y - 15 = 0. Is p composite?
True
Let x be 2 + (12/3 - 12). Let a(c) = -c**3 + c + 2. Let q be a(2). Is q/12 + (-464)/x composite?
True
Let w = -194 + 118. Let l = 78 - -35. Let i = w + l. Is i composite?
False
Let v = 5 + -3. Suppose 6*y - y = v*h - 76, 5*y = -h + 23. Let m = 6 + h. Is m a prime number?
False
Suppose -c = -p - 3792, 2*c - 2*p = -4*p + 7588. Is c a composite number?
False
Let r(w) = w**3 + 7*w**2 - 9*w - 8. Let j be r(-8). Suppose j*t + 479 = t. Is t a prime number?
True
Suppose 0 = -4*x + 16 + 4. Let k(b) = -2*b**3 - 4*b**2 - 4*b - 3. Let g be k(-2). Suppose -y + 155 = -2*t, x*y - 954 = g*t - 194. Is y composite?
False
Let q be 0/((4 + -1)/3). Suppose q*n - 6 = -3*n. Is (-4)/n - 0 - -4 composite?
False
Suppose 0 - 6 = -2*z. Is (-3)/z + 39 + -1 prime?
True
Suppose -4*q + 2*q - 6 = 0. Let k(y) be the first derivative of -19*y**2/2 - 2*y - 2. Is k(q) a composite number?
True
Let r = 23 + 98. Is r composite?
True
Let b = 9 + -7. Suppose b*r = r + 10. Is r composite?
True
Suppose 4*b - 16985 = -b. Is b a prime number?
False
Suppose 0 = 4*k + 63 - 1987. Is k prime?
False
Let z = 266 + -117. Is z composite?
False
Suppose 2*o + 20 = -0*o. Let j be (o + 2)*1/2. Let a(s) = 6*s**2 + 5*s + 3. Is a(j) a prime number?
True
Suppose -2*x = -5*c - 45, 3*x = -0*c - 2*c + 20. Let p(f) = -f**2 + 15*f - 4. Is p(x) prime?
False
Let g(r) = r - 3. Is g(7) a composite number?
True
Let s = 333 + -82. Is s composite?
False
Let z be 4/8 - (-1)/(-2). Suppose l = 2*c + 1, l + 5*c + z = 1. Is (l/(-4))/(1/(-92)) composite?
False
Let p = 3 - -1. Let h be (-10)/(-6) - 2/(-6). Suppose -h*t + p = -t. Is t composite?
True
Let r(q) be the first derivative of 31*q**2/2 - 3*q + 3. Is r(2) a prime number?
True
Let o(j) = -j**3 + 11*j**2 - 3*j - 13. Is o(8) a composite number?
True
Let l(r) = -r + 14. Let p be l(10). Suppose -d + 3*d + 40 = 4*y, p*y - 3*d - 38 = 0. Is y a prime number?
True
Is 4 - (-4)/(16/3060) a prime number?
True
Suppose -2*l - 2 = -0. Is (-316)/(-6) + l/(-3) prime?
True
Let o = -6 - 10. Let b be 2/(-6) + 195/(-9). Let k = o - b. Is k a prime number?
False
Suppose -4*c + 303 = -725. Is c a composite number?
False
Let b = -282 - -679. Is b prime?
True
Let o = -13098 + 20132. Is o a prime number?
False
Suppose 5*z = 2*z + 285. Is z a composite number?
True
Suppose -3*i - 7 = -4*n, -9 - 13 = -4*n - 2*i. Suppose -s - 2*y + 91 = 4*s, 0 = -n*s - 4*y + 68. Is s composite?
False
Suppose 5*j - 53 = -3*m, -3*j - 3*m - 2*m = -19. Let y = -20 + j. Let t(q) = -q**3 - 6*q**2 - 5*q + 3. Is t(y) a composite number?
True
Suppose 32 - 12 = 5*p. Suppose 2*h = -3*h + 5*n - 5, p*n - 12 = 0. Suppose -26 = -h*j + 16. Is j prime?
False
Let s(i) = 2*i**2 - 4*i + 3. Let m be s(6). Is m/7 - (-14)/(-49) composite?
False
Let d be ((-4)/2)/((-1)/2). Suppose -d*c + 1 = 9. Is c/(-3)*(-531)/(-6) a composite number?
False
Suppose -3*q - 2*q + 30 = 0. Let u(r) = -4*r - 8. Let c be u(-4). Suppose q + c = m. Is m composite?
True
Let k = 35 + -112. Let v = -22 - k. Is v a composite number?
True
Let f(o) = o**3 - 5*o**2 + o - 5. Let z be f(5). Suppose z*a + 4*q = 4*a - 92, 0 = -3*a - q + 69. Is a composite?
False
Let o(i) = i**3 + 13*i**2 + 5*i + 3. Let s be (-5)/((-6)/(-4) + -1). Is o(s) a prime number?
False
Is ((-3)/(-6))/(7/2086) a prime number?
True
Suppose -g + 5*x + 20 = 0, 5*g + 45 = -x - 3*x. Let k(n) = n**3 + 7*n**2 + 2*n - 2. Let i be k(g). Is (i/4)/(3/6) a prime number?
True
Let b = -21 + 18. Is (-196)/21*b/2 prime?
False
Let y = 314 + 117. Is y a composite number?
False
Is (8212/(-6))/((-16)/24) a prime number?
True
Let j be (-294)/(-15) + 6/15. Let f be 8/12 + j/(-3). Let m = 63 + f. Is m composite?
True
Suppose -4*c - 4 + 12 = -3*p, 0 = -5*p - 5*c + 45. Suppose -1188 = -p*m + 4*x, -7*m + 2*m + 1503 = 4*x. Is m composite?
True
Let x be (-1)/(-3) + 208/6. Let v = -12 - -17. Suppose -v*y + 230 = -x. Is y a prime number?
True
Suppose o - 40 = -o. Let p = o - -217. Is p a prime number?
False
Suppose 0 = 5*n - 5*a - 25, 2*n + 4*a + 0 = -2. Is n + (85 - -1) + 2 a composite number?
True
Suppose -2*m + 386 = 4*u, 0 = 4*u - 3*u + m - 98. Is u a composite number?
True
Let s(h) = -23*h - 2. Let z(n) = 12*n + 1. Let t(x) = -6*s(x) - 13*z(x). Is t(-5) composite?
False
Let f(p) = 13*p**3 + 3*p**2 - 3*p - 6. Is f(5) prime?
False
Suppose -a - p + 27 = -0*p, -98 = -4*a + p. Suppose -x = 78 + a. Let d = -24 - x. Is d a composite number?
False
Suppose 5 = -2*z - 1. Let u = z - -17. Is u a composite number?
True
Let m(d) = 2*d**3 - 6*d**2 - 26*d + 7. Is m(13) a composite number?
False
Suppose -12 = 3*s, -s = -4*i + i + 7. Is (i + -2)/(1/(-46)) a prime number?
False
Let c be (-1)/(3/42) + 2. Let v = c - -47. Is v prime?
False
Suppose 2*d - 4*j = 5*d - 11394, -4*d + 15192 = -2*j. Suppose 4*l = -2*l + d. Is l a composite number?
True
Suppose -3*a + m = 4*m - 138, 0 = -3*a - m + 142. Suppose -1215 + a = -3*z. Is z composite?
False
Suppose -3*n - 15 = 2*c - 0*n, -3*n = 3*c + 18. Suppose a - b - 85 = 0, 5*a + 0*b = 3*b + 419. Let t = c + a. Is t a composite number?
False
Is 149/(5*5/50) prime?
False
Suppose -3*k = -k - 2. Suppose 0 = -r + k - 3. Is -2*r/((-8)/(-22)) composite?
False
Let r = -133 + 222. Is r a composite number?
False
Suppose 0 = -4*y - 12, -3*f = 2*y + 63 - 3. Let d be f/(-24) - (-323)/(-4). Let v = d - -195. Is v a prime number?
False
Suppose -5*m + 625 = -2*a, -2*a = 2*m + 2*a - 274. Is m a composite number?
False
Is (3*-42 + -1)*-1 prime?
True
Suppose -2*q + 4 = -3*k, q - 2*k + 5*k + 7 = 0. Let r(i) = -44*i - 1. Is r(q) composite?
False
Let x = -3 - -1. Is (-3)/x*(-5688)/(-54) a composite number?
True
Let w(m) = 216*m - 1. Let z be (-3)/2*8/(-12). Is w(z) a composite number?
True
Suppose -g + 4*g = 6. Suppose 3*p - 4 = g. Suppose 0*a + p*x = -4*a + 132, x - 31 = -a. Is a a composite number?
True
Suppose 0 = -6*v - 12 + 42. Suppose -v*o + 17 = -418. Is o a comp